 79, 232459
What are the prime factors of 1784204316?
2, 3, 103, 481177
List the prime factors of 647884942.
2, 47, 6892393
List the prime factors of 635846077.
19, 33465583
List the prime factors of 3624934629.
3, 53, 109, 209159
What are the prime factors of 101127988?
2, 13, 29, 67061
What are the prime factors of 3963013?
3963013
What are the prime factors of 73442044?
2, 13, 1412347
What are the prime factors of 984080740?
2, 5, 31, 691, 2297
List the prime factors of 170067781.
13, 181, 72277
List the prime factors of 44043527.
11, 79, 50683
List the prime factors of 742015241.
11, 373, 180847
What are the prime factors of 4865853331?
359, 13553909
What are the prime factors of 1157926712?
2, 17, 139, 61253
List the prime factors of 218609902.
2, 7, 17, 918529
What are the prime factors of 1977283740?
2, 3, 5, 32954729
List the prime factors of 312737897.
312737897
What are the prime factors of 3822977405?
5, 13, 4211, 13967
What are the prime factors of 147427120?
2, 5, 1842839
What are the prime factors of 854481322?
2, 427240661
List the prime factors of 108358555.
5, 859, 25229
What are the prime factors of 319369210?
2, 5, 449, 71129
List the prime factors of 2740952973.
3, 11, 73, 113, 10069
List the prime factors of 1417491384.
2, 3, 59062141
List the prime factors of 2906996023.
2906996023
What are the prime factors of 2881832170?
2, 5, 7, 97, 424423
What are the prime factors of 1284335260?
2, 5, 13, 4939751
List the prime factors of 443142438.
2, 3, 197, 374909
List the prime factors of 993121279.
19, 389, 134369
What are the prime factors of 217944978?
2, 3, 36324163
List the prime factors of 31862884.
2, 7965721
What are the prime factors of 22764832?
2, 617, 1153
List the prime factors of 158334831.
3, 241, 8111
List the prime factors of 72723121.
127, 271, 2113
What are the prime factors of 1200683279?
3257, 368647
List the prime factors of 76240103.
19, 691, 5807
List the prime factors of 30582371.
17, 1798963
What are the prime factors of 936399521?
137, 6835033
What are the prime factors of 1056472915?
5, 23, 541, 16981
List the prime factors of 1206367122.
2, 3, 201061187
What are the prime factors of 20976396?
2, 3, 7, 29, 79, 109
List the prime factors of 1889381759.
23, 82147033
List the prime factors of 1750206484.
2, 13, 157, 214381
What are the prime factors of 3524998512?
2, 3, 7, 10491067
What are the prime factors of 1082446452?
2, 3, 907, 33151
List the prime factors of 62632397.
113, 554269
What are the prime factors of 156865607?
37, 4239611
List the prime factors of 20996074.
2, 11, 954367
What are the prime factors of 354497812?
2, 307, 288679
What are the prime factors of 40765852?
2, 353, 28871
List the prime factors of 60876503.
499, 121997
List the prime factors of 190409349.
3, 13, 521, 9371
List the prime factors of 232782290.
2, 5, 13, 181, 761
What are the prime factors of 4201110773?
53, 79266241
What are the prime factors of 136689575?
5, 11, 23, 21611
What are the prime factors of 192311274?
2, 3, 19, 37, 127, 359
List the prime factors of 1425135872.
2, 1283, 4339
What are the prime factors of 12418904?
2, 47, 33029
What are the prime factors of 277817322?
2, 3, 23, 2013169
What are the prime factors of 57540761?
57540761
List the prime factors of 796361127.
3, 6917, 38377
What are the prime factors of 94070555?
5, 593, 31727
What are the prime factors of 119504568?
2, 3, 43, 2693
What are the prime factors of 25176847?
17, 1480991
List the prime factors of 2025188782.
2, 1012594391
What are the prime factors of 112112586?
2, 3, 17, 40709
What are the prime factors of 67523282?
2, 33761641
List the prime factors of 153516704.
2, 11, 436127
List the prime factors of 261103499.
261103499
List the prime factors of 7307643431.
11, 107, 137, 45319
List the prime factors of 33174670.
2, 5, 251, 13217
What are the prime factors of 58022590?
2, 5, 61, 73, 1303
What are the prime factors of 368625727?
368625727
List the prime factors of 661926657.
3, 7, 31520317
List the prime factors of 16328188.
2, 467, 8741
List the prime factors of 316303843.
23, 47, 227, 1289
What are the prime factors of 94458272?
2, 19, 43, 3613
List the prime factors of 1587810442.
2, 881, 901141
What are the prime factors of 497920566?
2, 3, 11, 13, 52757
List the prime factors of 1250913324.
2, 3, 719, 144983
List the prime factors of 38604820.
2, 5, 229, 8429
List the prime factors of 784307107.
23, 34100309
List the prime factors of 368699616.
2, 3, 31, 61, 677
What are the prime factors of 109124140?
2, 5, 5456207
What are the prime factors of 508307296?
2, 7, 1277, 1777
List the prime factors of 735050824.
2, 91881353
What are the prime factors of 45967390?
2, 5, 7, 93811
List the prime factors of 94415832.
2, 3, 7, 31, 6043
What are the prime factors of 56877119?
13, 336551
List the prime factors of 2962121946.
2, 3, 7, 283, 249211
What are the prime factors of 4054411437?
3, 53, 25499443
List the prime factors of 51240332.
2, 11, 13, 29, 3089
What are the prime factors of 116933623?
116933623
What are the prime factors of 3508222163?
53, 2477, 26723
What are the prime factors of 2999269403?
13, 230713031
What are the prime factors of 37956847?
37956847
What are the prime factors of 293653877?
11, 661, 40387
What are the prime factors of 150393441?
3, 11, 17, 24371
List the prime factors of 6110030658.
2, 3, 41, 103, 241141
List the prime factors of 5013221313.
3, 1671073771
What are the prime factors of 214092866?
2, 13, 17, 484373
What are the prime factors of 6578558302?
2, 23, 29, 149, 1439
List the prime factors of 1841893162.
2, 9431, 97651
List the prime factors of 94584535.
5, 18916907
List the prime factors of 371753227.
371753227
What are the prime factors of 310239008?
2, 191, 193, 263
What are the prime factors of 140041409?
10691, 13099
What are the prime factors of 3649967118?
2, 3, 7, 28967993
What are the prime factors of 95033015?
5, 7, 11, 246839
What are the prime factors of 98196680?
2, 5, 73, 33629
List the prime factors of 103408637.
17, 919, 6619
What are the prime factors of 520579565?
5, 11, 9465083
List the prime factors of 792802.
2, 29, 13669
List the prime factors of 2646080647.
7, 67, 797, 7079
List the prime factors of 5658388298.
2, 2829194149
What are the prime factors of 29862013?
17, 751, 2339
What are the prime factors of 1353326?
2, 13, 52051
What are the prime factors of 330105435?
3, 5, 11, 2000639
What are the prime factors of 3014193362?
2, 127, 181, 65563
What are the prime factors of 56854491?
3, 2113, 8969
What are the prime factors of 149434337?
13, 11494949
List the prime factors of 173537133.
3, 7, 11, 41, 73, 251
List the prime factors of 298515053.
17, 251, 69959
List the prime factors of 49520042.
2, 11, 13, 19, 701
What are the prime factors of 22784400?
2, 3, 5, 6329
List the prime factors of 615539090.
2, 5, 2027, 30367
What are the prime factors of 7859084621?
3793, 2071997
List the prime factors of 66152886.
2, 3, 29, 380189
What are the prime factors of 215300493?
3, 23, 313, 3323
List the prime factors of 11273870.
2, 5, 109, 10343
List the prime factors of 1329254237.
29, 79, 109, 5323
What are the prime factors of 51480439?
51480439
What are the prime factors of 234045534?
2, 3, 19, 2053031
What are the prime factors of 1626796083?
3, 11, 31, 1590221
List the prime factors of 154279139.
7, 22039877
What are the prime factors of 101118761?
47, 2151463
What are the prime factors of 171768514?
2, 85884257
What are the prime factors of 93243196?
2, 23, 83, 12211
What are the prime factors of 144938596?
2, 11, 881, 3739
What are the prime factors of 168251788?
2, 17, 2474291
What are the prime factors of 39508969?
17, 89, 26113
List the prime factors of 37436517.
3, 19, 73, 2999
What are the prime factors of 7069030105?
5, 23, 233, 263819
What are the prime factors of 376003246?
2, 17, 181, 61099
List the prime factors of 461903921.
47, 9827743
What are the prime factors of 256981259?
53, 131, 37013
List the prime factors of 116780645.
5, 23356129
What are the prime factors of 57740167?
57740167
List the prime factors of 82368565.
5, 283, 58211
What are the prime factors of 121305087?
3, 223, 20147
What are the prime factors of 44585483?
6577, 6779
What are the pr